the highest common divisor of 11 and l.
11
Suppose -5*q = -16 - 39. Let k = 68 - 15. Suppose -4*p - k = -3*l, -4*l + 6*l = 3*p + 37. Calculate the greatest common factor of q and l.
11
Let j be 4*11/(66/45). Calculate the greatest common divisor of j and 18.
6
Let v be 22/33 - (-80)/6. Calculate the greatest common divisor of 42 and v.
14
Suppose 10 = 5*r - 3*r + 2*t, -2*t + 5 = -3*r. Let q = r + 6. Calculate the highest common divisor of 49 and q.
7
Let d(t) = t**3 - 7*t**2 - 4*t - 6. Let q be d(6). Let z be q/(-10) + (-4)/(-10). Calculate the highest common divisor of 77 and z.
7
Suppose -13*w + 0*w = -195. Let j be (0 + 8/6)*90. What is the greatest common divisor of j and w?
15
Suppose -i = -0 - 3, -3*i = -3*f + 3. Suppose 5*y - 6*y - 2*m = 9, -21 = -y + f*m. Let q = y - -3. What is the highest common factor of q and 4?
4
Suppose k - 6*k - 5*x + 5 = 0, 0 = k - 4*x - 11. Suppose k*j = 3*a - 132, -j = 2*a - 65 - 26. Calculate the highest common divisor of a and 9.
9
Let p(g) = -g - 1. Let k(y) = -1. Let v be 15/(-3) - 3*-1. Let h(x) = v*k(x) + p(x). Let b be h(-10). What is the greatest common factor of b and 11?
11
Let t(k) = -k**2 + 16*k + 1. Let f be t(16). Let h be f - 10*2*-1. What is the highest common factor of h and 168?
21
Let t(g) = 2*g**2 - g. Let k be t(-2). Let s = 22 - k. Let i(r) = 11*r**2 + r. Let l be i(-3). Calculate the highest common divisor of s and l.
12
Let d = 15 + 3. Suppose -v + 2*j = -11, 6*j + 23 = v + j. Let l be v + -1 - -43 - 0. Calculate the highest common factor of d and l.
9
Let b(k) = 31*k**2 + 2*k + 2. Let l be b(-1). Calculate the greatest common divisor of 62 and l.
31
Suppose 2*m - 6*m = -12. Suppose -m*o = -4*d - 58, 0 = -0*o - 3*o - 3*d + 30. What is the greatest common factor of 35 and o?
7
Let q be (-7)/3 + (-1)/(-3). Let t be (-6 + 0/q)/(-1). Let x(a) = -8*a**3 + 2*a**2 + 3*a. Let b be x(-2). Calculate the greatest common factor of t and b.
6
Let q be (-3)/1 - -1 - -42. Calculate the greatest common divisor of q and 15.
5
Let f be ((-2)/(-5))/(2/(-10)). Let c be (-1 - 0 - -4) + f. Let r be -2 - (c + 5*-1). Calculate the highest common factor of 16 and r.
2
Let s = -45 + 206. What is the highest common divisor of s and 23?
23
Let d = 4 - -7. Let f(h) = h**2 - 3*h - 7. Let q be f(6). What is the highest common factor of q and d?
11
Let t be ((-127)/2 - -3)*-6. Calculate the highest common factor of t and 33.
33
Let a be 0 + 3 + 1 - -1. Suppose 5*c + 60 = a*u - 535, -2*u - 5*c = -245. Calculate the greatest common divisor of 15 and u.
15
Suppose 0 = 6*b - 2*b - 44. What is the highest common divisor of 44 and b?
11
Suppose 3*j - 59 = -4*l, 0 = -5*j + 3*l - 6 + 85. Let c(z) = -z. Let k be c(3). Let f = j + k. What is the highest common divisor of 84 and f?
14
Suppose -2*f = 3*h - 76, -4 = -h - h. Let v be f + 3 - (-1 + -1). Calculate the greatest common factor of v and 16.
8
Let k = -74 + 47. Let n = 39 + k. Let q = -312 - -444. Calculate the highest common divisor of q and n.
12
Suppose 0 = -2*t - 4*q + 24, 4*t - 5*q = -0*t + 9. What is the greatest common divisor of 48 and t?
6
Let o = 50 + -28. Let b(d) = d**3 - 6*d**2 + 2. Let x be b(6). What is the highest common divisor of x and o?
2
Let n be 1*(-3 + -60)/(-3). Calculate the greatest common factor of n and 84.
21
Let q = -114 - -196. Suppose -4*m = 4*x - 88, -x + 2*x = 3*m - q. Calculate the greatest common divisor of m and 65.
13
Suppose 7*f - 2*f - 250 = 0. Suppose -p + f = -0*p. What is the greatest common factor of 10 and p?
10
Suppose -3*q = 3*l - 42, -4*l + 36 = 4*q - 5*l. Let g(m) = m**3 + 6*m**2 - 4*m - 5. Let r be g(-5). Calculate the highest common factor of r and q.
10
Let p = 25 + -18. Let j(x) = x - 2. Let h be j(5). Suppose 0 = -8*k + h*k + 245. What is the highest common factor of p and k?
7
Let r = 84 + -80. Calculate the greatest common divisor of 3 and r.
1
Suppose 3*i = -4*b - 0*i + 106, 3*b - 3*i = 69. What is the greatest common divisor of b and 10?
5
Suppose -4*q = -3*q - 2. Let h(s) = 2*s - 2. Let d be h(2). Let u be -2 - (-13*d)/q. What is the greatest common factor of u and 11?
11
Let w(t) = t**2 + 9*t - 16. Let u be w(-11). Let c(i) = 3*i**2. Let g be c(2). Calculate the greatest common factor of g and u.
6
Let p be 3*(2 + -1) + 35. Suppose 17 = 2*y - w, 2*y = -y + 4*w + p. Calculate the highest common divisor of 42 and y.
6
Let y = -5 - -6. Let m(z) = 50*z**3 - z**2 + 1. Let p be m(y). Suppose 4*h = 3*h + p. What is the greatest common divisor of 10 and h?
10
Suppose 5*y + 3*p - 17 = 5, 0 = -5*y - 2*p + 18. Suppose 5*l - y*o - 3 = -0*o, 3*l + 1 = 4*o. What is the highest common factor of l and 2?
1
Suppose 5 = 3*g - 4. Suppose j + w = 91, 4*j = -g*w - 57 + 425. Calculate the highest common factor of j and 38.
19
Suppose 0 = 2*g - 3*t - 3, -4*g + 13 + 0 = t. What is the highest common factor of 33 and g?
3
Let x = -1 - -4. Let i(t) be the second derivative of 5*t**4/12 + t**3/3 - t**2/2 + t. Let o be i(x). What is the greatest common divisor of o and 20?
10
Suppose 19 = 5*n - r + 4*r, -n = 5*r - 17. Suppose -w - 4*p = 9 - n, 0 = -5*w + p - 14. Let l = -1 - w. What is the highest common divisor of 6 and l?
2
Suppose -5*x - 71 = -226. Let b = -16 + x. Suppose v + b = 4*v, 2*z + v = 13. Calculate the highest common divisor of 32 and z.
4
Let a be -3*(23/(-3) + (-6)/(-9)). Calculate the highest common divisor of a and 147.
21
Let d(o) = -2*o**3 - 2*o**2 + 7*o + 3. Let f be d(-3). Suppose 0 = 2*c + 241 + 293. Let k = c - -465. Calculate the greatest common factor of f and k.
18
Let z = -6 - -12. Calculate the highest common factor of 18 and z.
6
Let j(a) = -a**3 + 9*a**2 + 11*a + 6. Let t be j(10). Calculate the highest common divisor of 112 and t.
16
Let h(j) = 3*j**2 - 12*j + 11. Let p be h(-11). What is the highest common factor of 46 and p?
46
Let o be ((-80)/(-24) - 8)*18/(-4). Calculate the greatest common divisor of 273 and o.
21
Suppose 0 = -l - 7 + 97. Suppose -2*s = -5*s + l. What is the greatest common factor of s and 15?
15
Suppose 3*p + 12 = i, -28 = -5*i - 3*p + 50. Suppose 423 = 4*z + c - 4*c, 2*c = -2. Calculate the greatest common divisor of i and z.
15
Let m be -2 + 0 + 0 - -26. Let s = 0 + 3. Let k(o) = o**3 - o**2 - 3*o - 1. Let j be k(s). Calculate the highest common factor of j and m.
8
Suppose f + 7 + 10 = 0. Let s = f + 24. Calculate the highest common factor of 35 and s.
7
Let y be (-7)/((-280)/15) + 2701/8. What is the highest common factor of 26 and y?
26
Let x = -3 - -39. What is the greatest common divisor of 12 and x?
12
Let l = -14 - -16. Calculate the greatest common factor of 2 and l.
2
Let x = 6 + -10. Let a be (10/x + 2)*-28. Calculate the greatest common factor of a and 56.
14
Let r = 0 + -6. Let k be (21/r + 2)*8. Let z be 116/10 + k/(-30). What is the highest common factor of 4 and z?
4
Suppose 0*h - 2*h + 140 = 5*o, h = -o + 64. What is the greatest common factor of h and 6?
6
Let d be 2 + 2 + (1 - 1). Calculate the highest common divisor of 36 and d.
4
Suppose 4*o = c - 0*o - 8, 32 = c + 2*o. What is the highest common divisor of c and 84?
12
Suppose q = -0*q + 5. Let c = 6 - q. Suppose -2*r + r + c = -b, -3*b - 4*r = -18. Calculate the greatest common factor of b and 4.
2
Suppose 4*t - 1 = 3*t, -5 = 3*k - 5*t. Let v(z) = k - 1 + 4*z**2 + 3*z - 5*z. Let d be v(4). Calculate the highest common factor of 22 and d.
11
Let z be (-690)/(-10) - (-1 - 0). Calculate the highest common divisor of 28 and z.
14
Let c be -12*(2/(-4) - 0). Let v(x) = x**2 - 3*x - 4. Let t be v(4). Let q be t - 2*(2 - 3). Calculate the greatest common divisor of c and q.
2
Suppose 0 = 5*w - 4*p - 320, 246 = 3*w - 5*p + 67. Let j = 58 + -41. What is the greatest common divisor of j and w?
17
Let o = 291 + -200. Calculate the greatest common factor of 13 and o.
13
Suppose 4*q + 5*l - 24 = 0, l + 7 = -3*q + 14. Let v be q/4 + 119/4. What is the highest common divisor of v and 210?
30
Let h = 20 - -5. Let j = -103 - -303. What is the greatest common divisor of h and j?
25
Suppose -2*x + 6*x = 16, -2*x = 5*j - 268. Suppose 2*i = -5*o + 75, 2*o - 3*i + 3 = 14. What is the highest common factor of j and o?
13
Let s = -3 - 4. Let f(g) = g**3 + 8*g**2 + 4*g - 10. Let m be f(s). What is the highest common factor of m and 